be x + ((-1)/3)/(2/18). Calculate s(a).
-4
Let j be 12 - ((-22)/(-3) - 18/(-27)). Let g(u) = 3*u**2 - 3*u - 1. Give g(j).
35
Let v be 4*(56/52)/(24/39). Let a(d) = -d**2 + 4*d + 7. Let r(c) = -c**2 + c. Let f(l) = a(l) + r(l). Calculate f(v).
-56
Let r be (-12)/(-27) + 8/(-18). Let f be (-209)/57 + (-1)/3 + r. Let q(p) = p**2. What is q(f)?
16
Let j(y) = -y**3 + 6*y**2 - 7*y - 1. Let l(w) = w**3 - 3*w**2 - 23*w + 68. Let b be l(5). What is j(b)?
5
Let a(o) = -o**2 + 171*o - 816. Let h be a(5). Let c(p) be the second derivative of -h*p + 0 - 4*p**2 + 1/6*p**3. Give c(7).
-1
Let z = -1640 + 1642. Let g(d) = 2*d**3 + 2*d**2 - d - 3. Give g(z).
19
Let g(u) = 4 - 3 - 117131*u**2 - 2*u**3 + 117127*u**2 - 7*u + 5*u. Determine g(-5).
161
Let q(y) = -2*y + 7. Suppose -z = 0, -2 + 6 = w + 2*z. Suppose -3*l + 8*l = -2*p - 8, p = -2*l - 2. Suppose w*i - p*h + h = 25, -3*i + 5*h = -20. Give q(i).
-3
Let p(q) = -q**2 + 3*q - 2. Let s(m) be the first derivative of m**3/3 - m**2/2 - m + 10. Let x = -34 + 36. Let z(u) = x*s(u) + p(u). Give z(0).
-4
Let g = -8740 + 8752. Let c(x) = x**2 - 16*x + 16. What is c(g)?
-32
Let z(v) be the third derivative of v**7/84 + v**6/720 + 83*v**4/12 + v**3/3 - 57*v**2. Let w(r) be the second derivative of z(r). Determine w(1).
31
Let v = 52 + -36. Suppose 8 = 4*w - v. Let z(p) = -5*p - 15*p**2 - 2 + w + 14*p**2. What is z(-6)?
-2
Let b be (12 - 9)/((45/(-6))/(-5)). Let p(n) = -1 + 4*n - 4 - 137*n**2 + 71*n**b + 65*n**2. Give p(3).
-2
Let j = 45 + -40. Suppose -2*u - 21 = -j*l, -l - u + 8 - 1 = 0. Suppose -2*q - l = -9. Let i(b) = b**3 - 2*b**2 - b. What is i(q)?
-2
Let b(w) = 3*w - 11. Let q(m) = -7*m + 25. Let j(h) = -5*b(h) - 2*q(h). Suppose -12 = -4*g - d, -4*d - 7 - 5 = -4*g. Calculate j(g).
2
Suppose 0 = x + 5*q + 19, -14*x + 4*q + 46 = -12*x. Let o(l) = -l**2 + 5*l - 13. Give o(x).
-79
Let w(q) = -8*q - 26. Let l(g) = -13*g - 39. Let n(c) = -5*l(c) + 8*w(c). Give n(4).
-9
Let k(r) = -r - 5. Suppose 75*a - 77*a + 4*j = 26, -2*j + 6 = 0. Give k(a).
2
Suppose -18 = -4*m - 5*m. Let j(p) = 3*p**m - 167*p - p**3 + 166*p + 3 + 0*p**3. Calculate j(3).
0
Let u(l) be the first derivative of -2*l**2 - 6*l + 328. Determine u(-5).
14
Let h(x) = -43 + x - 24 - 18 + 147 - 28. What is h(0)?
34
Suppose 6*f + 38 = 2. Let d be (f - 3/3)*-1. Let s(h) = 3*h - 24. Let l be s(d). Let b(v) = -v**3 - 3*v**2 - 4. Calculate b(l).
-4
Let d(f) be the third derivative of 49*f**4/24 + 33*f**3/2 - 117*f**2. What is d(-2)?
1
Let z(h) = -62*h**3 - 27*h - 7 + 107*h**3 + 28*h**2 - 23*h**3 - 23*h**3. Give z(27).
-7
Let o(t) = t**3 - 3*t**2 + t + 1. Let c(j) be the first derivative of -j**4/4 + 2*j**3 + 4*j**2 - 5*j + 62. Let b be c(7). Determine o(b).
-1
Suppose 8*c + 25*c = -0*c - 528. Let w(y) = y**3 + 17*y**2 + 18*y + 28. What is w(c)?
-4
Let j(s) = -3*s**2 + 13*s - 25. Let b(u) = 2*u**2 - u + 6. Let h(o) = -4*b(o) - j(o). Determine h(-2).
-1
Let r(a) = -6*a**2 - 35*a + 12. Let z be r(-6). Let n(m) = m**3 - 4*m**2 - 12*m - 8. Determine n(z).
-8
Suppose -8*r = -22747 + 22675. Let c(u) = -u**3 + 11*u**2 - 9*u + 9. Calculate c(r).
90
Let x(k) = -k**3 + 79*k**2 + 3*k - 2. Let q(i) = 5*i**3 - 414*i**2 - 16*i + 11. Let f(g) = 4*q(g) + 21*x(g). Determine f(0).
2
Let w(k) = k + 2. Suppose 2*u - 8*u + 12 = 0. Suppose -5*n - y = 13, -1 + 2 = -u*n + y. Let d be n + 81/12 - 8/(-32). What is w(d)?
7
Let b(u) = 2*u - 14. Let j(o) = -o**2 + 15*o. Let q be j(15). Let g(k) = -10*k + 14. Let w be g(q). Give b(w).
14
Let i(b) be the third derivative of b**4/24 + 29*b**3/6 - 687*b**2. Give i(-6).
23
Let m = -4622 + 4617. Let b(n) = -23*n - 114. Give b(m).
1
Let c(a) = -79*a**2 - 21*a - 32. Let n(k) = 81*k**2 + 23*k + 34. Let q(j) = -14*c(j) - 13*n(j). What is q(1)?
54
Let f be 6/(-33) - 204/(-33). Let l(i) = 19 - i - 5 - 2 - 12. What is l(f)?
-6
Let j(n) = n**3 - 9*n**2 - 17*n + 13. Let a = -21665 - -21676. Give j(a).
68
Let q(t) = t**3 - t**2 + t + 10. Let x(z) = z**3 + 69*z**2 - 52*z + 1264. Let b be x(-70). Calculate q(b).
62
Let f(b) be the third derivative of b**6/120 + b**5/30 - b**4/12 + 19*b**3/2 + 13*b**2 + 81. Give f(0).
57
Let k = -10453 + 10464. Let v(q) = -q - 11. What is v(k)?
-22
Suppose -42336*t + 32 = -42304*t. Let q(b) = -1 - 6*b + b - 7*b. Determine q(t).
-13
Let v(t) be the first derivative of -t**3/3 - 9*t**2/2 + 14*t + 8275. Calculate v(-11).
-8
Suppose -14 + 174 = -40*c. Let o(z) = z**3 + 3*z**2 - 2*z - 2. Let y be o(-3). Let d(t) = 3 - y - 1 - t**2 - t + 1. Calculate d(c).
-13
Let v(y) = -y**3 - 6*y**2 + 4. Suppose 11*q - 6*q - 380 = 0. Suppose 12 = 3*g, -4*s - 4*g + q = -8*g. Suppose 4*u - 16 = 2*m + u, -3*m - s = -4*u. What is v(m)?
-21
Suppose s + 6 = 2*s + v, 3*s + v - 10 = 0. Let a(j) = 2*j**3 - 5*j**2 + 4*j. Determine a(s).
4
Let v(x) = -4*x**3 - 10*x**2 + 3*x - 10. Let r(s) = 3*s**3 + 9*s**2 - 2*s + 8. Let g(t) = 3*r(t) + 2*v(t). Calculate g(-7).
4
Let z(h) = -4*h + 14 + 15 - 12*h**2 + 6 - 30. Determine z(2).
-51
Let t = -173 + 180. Suppose t*l + 512 = 491. Let b(c) = 2 + 4*c**2 + 3 - 3 + 3*c + c**3. Calculate b(l).
2
Let p(q) = 705*q - 616 + 298 - 672*q + 288. Give p(3).
69
Let g(f) = f**3 + 2*f**2 - f + 6. Let k(n) = 2*n**2 + n + 1. Let c(a) = g(a) - 5*k(a). What is c(8)?
-47
Suppose -3*p + 2*p + 12 = 0. Let r(c) = 10 - c**2 + 12 + 23 + 23 - 57 + 11*c. Give r(p).
-1
Suppose -4*j = -4*l + 80, -3*l + 21 = 6*j + 51. Let a(s) = -2 - 6 - s - 1. What is a(j)?
1
Let q(o) be the first derivative of o**3/3 - 7*o**2 + 5*o - 13355. Calculate q(12).
-19
Let n(j) = -j**3 + 11*j**2 + 14*j - 14. Let s = -166 - -41. Let p = 137 + s. Determine n(p).
10
Let b(g) = -11*g + 14. Let q(c) = -16*c + 21. Let y = 23 - 28. Let r(f) = y*q(f) + 7*b(f). Let m = -10 + 15. Give r(m).
8
Let t be 2/(-3) + 14/(-6) + 5. Suppose -t*o - 7 = -9*o. Let x(f) = -f + 1. Let b(g) = g**2 + 11*g - 5. Let u(p) = o*b(p) + 6*x(p). Give u(-7).
15
Let z(u) = u. Let t be -3 - (-28)/(-8)*-2. Suppose 3*g - 13 = 5*b, -t*g + 0 = -3*b + 1. Let s be (-1*2/(-3))/(g/6). Give z(s).
-1
Let a(x) = -2*x - 7. Let h be 6*-8*(-3)/144. Suppose 3*g + 4*i = 33, -2*i - h = -5*g + 28. Give a(g).
-21
Let v(u) = -2*u. Let p = 109 - 31. Let l = 80 - p. Let f be (4 + -6)*(-1)/l. What is v(f)?
-2
Let w be (-2 + 3 - 10)/2*-2. Suppose 0 = 5*d - 3*a + 9, -3*d + 2*a = -a + w. Let x(c) = -29*c**2 + 30*c**2 + d + 1. Determine x(3).
10
Let l(z) be the first derivative of 7/2*z**2 - 1/24*z**4 - 1/6*z**3 + 0*z + 16. Let k(t) be the second derivative of l(t). What is k(3)?
-4
Let q(z) = -2*z**3 + 7*z**2 - 7*z + 2. Suppose 285 = 10*d + 235. Calculate q(d).
-108
Suppose 38*r = 31*r + 77. Let y(w) = 11*w - 15*w**3 - 16*w**3 + r*w + 6*w - 29*w. Calculate y(-1).
32
Let j(i) = -14*i + i**2 - 20*i - 16*i - 51 + 48*i - 11*i. Calculate j(16).
-3
Let w(o) = 3*o + 127. Let p be w(0). Suppose 0 = -132*v + p*v + 35. Let q(l) = 8*l - 45. Let i(x) = -2*x + 11. Let u(a) = 9*i(a) + 2*q(a). Calculate u(v).
-5
Let a = -4663 + 4673. Let r(w) = -3*w + 30. Give r(a).
0
Suppose -48*m + 620 = 332. Suppose -2*j - 2*a = 10, 13 = -4*j + 5*a + 2. Let d = j - m. Let z(u) = 2*u + 13. Calculate z(d).
-7
Let r(p) = -p - 1. Suppose 6 = 2*f, 4*w - 32 = -4*f + 24. Let s(j) = j + 8. Let v be s(-4). Suppose 1 - w = -5*x, -12 = v*o + 4*x. Give r(o).
4
Suppose -3*s + 4*j + 23 + 5 = 0, -j - 1 = 0. Let u(a) = -3*a + a**2 + 3*a + s + 9*a. What is u(-8)?
0
Let g be 7 - 1 - (5 - (1 + 6)). Let j(c) = 32*c**3 + 5*c**2 + 7*c**2 + g*c - 6*c - 33*c**3. What is j(12)?
24
Let h(o) = -o**3 - 5*o**2 - 6*o - 5. Let n be h(-3). Let b be (-12 - 17) + n + 1. Let v be 24/(-40) - b/5. Let t(g) = -g**2 + 8*g - 8. Determine t(v).
4
Let g be (4 - 5)/((-1)/2). Suppose -g*f = f - f. Let d(r) = -r**3 - 4*r**2 + 250 + f*r**3 - 247. What is d(-4)?
3
Let l(n) be the second derivative of -n**5/20 + 7*n**4/6 - 7*n**3/3 + 189*n**2/2 + 3233*n + 3. Calculate l(14).
-7
Let g(k) = 4*k + 1. Let a(q) = -q + 1. Let p(c) = 2*a(c) - g(c). Let j = -316 + 220. Let s = -97 - j. What is p(s)?
7
Suppose -641 = -10*p + 3279. Let l(o) = o**2 - 398*o + 6 - p*o + 798*o. Calculate l(-5).
-9
Let d(n) = -8*n**2 + 21*n - 4. Let o(s) = -6*s**2 + 12*s - 2. Let a(i) = 3*d(i) - 5*o(i). Let q = 6 - 4. Give a(q).
28
Let m be 4/(80/(-30))*-26. Let k(o) = o**3 - 39*o**2 + 2*o - 83. What is k(m)?
-5
Let z be 2/(-3)*36/6.